- 1. Let p(u) = 3*u - 1. Let h be p(1). Let t(k) = -2*k**2 - 2*k - 2. Let z(m) = h*t(m) - 6*g(m). Determine z(-2).
6
Let p(i) = 7*i**3 - i**2. Let o(t) = t**2 + 4*t - 5. Let s be o(-5). Let w = 1 - s. Determine p(w).
6
Let h(f) be the second derivative of -f**7/2520 - f**6/720 - f**5/20 + f**4/12 - f. Let z(v) be the third derivative of h(v). Give z(0).
-6
Let x(k) = -1 - 4*k**2 + 9*k**3 + 7*k**2 - 2*k**2 - k**3. What is x(1)?
8
Suppose -3*d - 6 = 5*b - 1, 2*d + 4*b + 4 = 0. Let g be (d - 0)/(0 + -2). Let m(i) = i**2 + 0*i**2 + g*i**2 - 2 + 3*i + i. Determine m(-5).
3
Suppose -2*q + 10 = -3*f, 2*q + 4*f + f + 6 = 0. Let d(j) = -1 - 4*j + 11 - j**2 + q*j - 3. Determine d(-5).
-8
Suppose 0 = 3*n + c - 10, -4*n = -c - 11. Let y(k) be the second derivative of k**3/2 - k**2 + k. What is y(n)?
7
Suppose 5*t = -18 + 13. Let r(b) = b - 1. Let w(i) = -12*i + 5. Let l(u) = -5*r(u) - w(u). What is l(t)?
-7
Let k(f) = f**3 + 14*f**2 + 24*f - 5. Let w be k(-12). Let l(n) = -n**3 - 4*n**2 + 7*n + 3. Determine l(w).
-7
Let z be (-21)/(-14)*(0 - -1). Let w(v) be the second derivative of 1/3*v**3 + z*v**2 + 0 - 2*v. Calculate w(3).
9
Let c(z) be the third derivative of -z**6/10 + z**4/24 - z**3/6 + 9*z**2. Calculate c(1).
-12
Let t(a) = a + 12. Let l = 1 - 2. Let b(h) = -1. Let p(m) = l*t(m) - 5*b(m). Give p(5).
-12
Let c(r) = -7*r**2 + 6*r + 6. Let t(l) = -11*l**2 + 10*l + 9. Let u(b) = -8*c(b) + 5*t(b). Let m(o) = o**2 + 5*o. Let j be m(-4). Calculate u(j).
5
Suppose -12*j + 0*j - 60 = 0. Let w(z) = -2*z - 5. Let t(r) = 10*r + 24. Let a(x) = -2*t(x) - 11*w(x). Calculate a(j).
-3
Let r(s) = -s**2 - 6*s + 0*s + 2 - 3 + 0*s. Give r(-4).
7
Let q(l) = l. Let c(j) = 7*j + 8. Let o(f) = -c(f) + 6*q(f). Suppose -g - 4*m = 4, 2*g + 1 - 4 = 3*m. Calculate o(g).
-8
Suppose 5*i - 26 = 3*i. Let h(o) = -7*o**2 - 10*o + 4. Let m(t) = 15*t**2 + 21*t - 9. Let v(b) = i*h(b) + 6*m(b). What is v(-3)?
1
Let z(t) be the first derivative of -t**3/3 + 7*t**2/2 + 2*t + 4. Give z(6).
8
Let q = -4 - -3. Let r = -3 + q. Let x(y) = -7*y + 2. Let o(f) = 6*f - 1. Let m(d) = -5*o(d) - 4*x(d). Give m(r).
5
Suppose -3*g = 3*b - 1 - 5, -2 = -g - 3*b. Suppose -4*o = a - 0*a - g, 5*a - 10 = 4*o. Let h(s) = -s**2 + 1 - 2*s + 2*s**a + 3*s - 5*s**2. Calculate h(-1).
-4
Let j(m) = -2*m + 3. Let z be (-9)/(-4) - (-3)/(-12). Calculate j(z).
-1
Let l(y) be the third derivative of y**6/120 - 7*y**5/60 + y**4/6 + 7*y**3/6 - y**2. Suppose 2*j - 2 + 5 = -5*k, -4*j + 12 = 4*k. What is l(j)?
-5
Suppose d - 2*r = -2*d, -d + 4*r = 0. Let y be ((-2)/(-4) + 0)*d. Let n(q) = 3*q + 5. Let c(g) = 7*g + 10. Let l(z) = -2*c(z) + 5*n(z). Determine l(y).
5
Let r(x) be the second derivative of x**8/6720 + x**7/504 - x**6/720 - x**5/20 - x**4/4 + 4*x. Let u(a) be the third derivative of r(a). Calculate u(-5).
-1
Let q(v) = 4 - 4*v + 0 + 3*v - 1. What is q(4)?
-1
Let g be 376/(-12) + 2/6. Let x = g - -55. Let q be (-1)/(-5) + x/5. Let c(b) = b**3 - 4*b**2 - 5*b + 4. Calculate c(q).
4
Let f be 2 + -1 - (1 - 11). Let i = f + -10. Let u(d) = 13*d - 1. What is u(i)?
12
Let r(m) be the first derivative of -m**4/4 - m**3/3 - m**2/2 + 12*m + 11. Calculate r(0).
12
Let q(f) be the second derivative of f**4/12 + 5*f**3/6 - 2*f**2 + 3*f. Determine q(-6).
2
Let a(y) = y**3 + 4*y**2 + 2*y + 4. Suppose -2 = 2*d, 4*j + 17 = 3*d - 4*d. Calculate a(j).
-4
Let d(l) be the second derivative of l**4/12 + 7*l**3/6 - 4*l**2 + 19*l. What is d(-6)?
-14
Let k(y) = y**3 + 5*y**2 + 5*y. Let g(j) = 19*j**2 - j. Let f be g(-1). Suppose -10*m - f = -5*m. Calculate k(m).
-4
Let q = 3 + 0. Suppose -3*n + 4*n - m - 3 = 0, -7 = -5*n - q*m. Let z(g) = 3*g**n + 0 - 2*g - 1 + 0. What is z(2)?
7
Let h(u) = -2*u**2 + 2*u + 6 - 6. What is h(2)?
-4
Let u(t) = -9*t + 4*t - 1 + 4*t. Let k be u(-6). Let f(x) = -4*x - k*x**2 + 6*x**2 + 5*x. Determine f(1).
2
Let q(c) = 6*c**2 + c. Let r = 97 + -96. Calculate q(r).
7
Let d(z) = 2*z**3 + 12*z**2 + 5*z - 14. Let a(j) = -3*j**3 - 18*j**2 - 8*j + 21. Let w(m) = -5*a(m) - 7*d(m). What is w(-5)?
-7
Let h(r) = -r**3 + 9*r**2 - 7*r - 6. Let s(l) = 2*l. Let b be s(4). Give h(b).
2
Let l(f) = f**3 + 2*f**2 + 3*f + 2. Let q(j) = -j**3 + 3*j**2 + 2*j + 5. Let k be q(4). Calculate l(k).
-16
Let w be (-2)/3 + 23/3. Let f = -27 - -19. Let c = f + w. Let t(i) = i - 1. Calculate t(c).
-2
Let k(a) = -5*a - 3. Let o(s) = 0*s + s + 2*s + 2 + s. Let d(g) = -6*k(g) - 7*o(g). Determine d(-4).
-4
Let m = -11 + 15. Let n be 39/26 - (-2)/m. Let z(w) = -w**3 + 2*w - 2. Determine z(n).
-6
Let s(o) be the second derivative of o**6/120 + o**5/12 - o**4/24 - o**3 - 3*o**2/2 - o. Let k(m) be the first derivative of s(m). What is k(-5)?
-1
Let x(t) = t. Let k(s) = -2*s - 6. Let y = 9 + -14. Let w be k(y). Let m = w + -1. What is x(m)?
3
Let k(h) be the second derivative of h**3/2 - h**2/2 - h. Suppose 0 = 3*s - 4*s + f, 4*f = 8. Determine k(s).
5
Suppose -4*o + 2*o = 0. Suppose 2*h = -0*h + 4. Suppose o*v - v = h. Let w(y) = -y**3 - 2*y**2 - y - 1. Calculate w(v).
1
Let w(i) = i**3 + 3*i**2 + 2*i + 3. Let j be w(-2). Suppose -c + 0*c = -j. Let b(s) = -4*s + c - s**2 + 1 - s. Determine b(-5).
4
Let m be 2/8 + 1/(-4). Let n(y) be the third derivative of 0 - 1/120*y**6 - 2*y**2 + 0*y + 2/3*y**3 - 1/24*y**4 + 1/60*y**5. Determine n(m).
4
Let t(b) be the first derivative of 3 + b**3 - 1/4*b**4 - 4*b + 5/2*b**2. Let h be t(4). Let s(k) = -k**3 + k**2 - k - 6. Calculate s(h).
-6
Let x(z) = -3*z**3 + 3*z + 2*z**3 + 3 + 2*z**3 + 0*z**2 - 5*z**2. Let r be x(4). Let f(c) be the second derivative of 5*c**3/6 - c**2/2 + 2*c. Calculate f(r).
-6
Let r(c) = 5*c**3 - 2*c**2 - 2*c - 1. Let m(d) = d - 8. Let i be m(7). Give r(i).
-6
Let h(x) = 2*x**2 - 25*x + 9. Let v be h(12). Let f(k) = k**2 + 4*k. Determine f(v).
-3
Let h be (-15)/3 + 1 + -1. Let k(o) be the second derivative of o**4/12 + 7*o**3/6 + 3*o**2/2 + 18*o. Determine k(h).
-7
Let u(c) = -c**2 + 6*c - 7. Suppose 0*t - 5 = -t. Determine u(t).
-2
Let j(x) = -1 + 0*x - x + 2. Let q(g) = -9*g + 11. Let m(b) = -22*j(b) + 2*q(b). Suppose -5*y + l = 11, -2*y = -0*y + 5*l - 1. Calculate m(y).
-8
Suppose -2 = -2*a + v, -5*a - 1 = -2*v - 2*v. Let k(m) be the first derivative of 1 + 0*m**2 - m**3 + 1/4*m**4 - 3*m. Determine k(a).
-3
Let u(q) = -q**2 - 8*q - 5. Let c(z) = -z - 18. Let i be c(-12). Calculate u(i).
7
Let g(b) = b**2 + 10*b + 4. Let x be g(-10). Let y(n) = 3*n - 5*n**2 + 2 + n**3 + 4 - x. Calculate y(4).
-2
Suppose -3*l + 16 = l. Let c(b) = b**2 - l*b**2 - b**3 + 0*b**3. Let x be (6/(-10))/(8/40). Calculate c(x).
0
Let q(t) be the third derivative of -t**5/60 - t**4/4 + 5*t**3/3 + 26*t**2. Calculate q(-8).
-6
Let c(s) = s**2 - 5*s + 2. Let v(g) = -4*g**2 + 15*g - 6. Let f(r) = -7*c(r) - 2*v(r). Determine f(-5).
-2
Let f be (-12)/(-7) + -2 + 171/(-63). Let d(b) = b**3 + 4*b**2 + 5*b + 3. Calculate d(f).
-3
Let h(l) = l**3 + l**2 + l - 1. Let q be h(1). Let r be (q/5)/(1/10). Let n(o) = -o - 3. Determine n(r).
-7
Suppose 0*m - m + 7 = 5*v, 4*m - 9 = -v. Let g(w) = 0*w + 3 + w - w + m*w. What is g(-2)?
-1
Let l(y) be the first derivative of -y**2/2 + 2*y - 30. Give l(0).
2
Let m(l) be the first derivative of 2 - 1/4*l**4 + 2*l**3 + 1/2*l**2 + 0*l. Give m(6).
6
Let a = 3 + -5. Let l(z) = -5*z. What is l(a)?
10
Let l(x) = -18*x - 22*x**2 + 21*x + 18*x**2 - x**3. Let h be ((-15)/12)/((-2)/(-8)). Calculate l(h).
10
Let o(b) be the second derivative of -b**4/12 + 7*b**3/6 - 5*b**2/2 - 4*b. What is o(6)?
1
Let x(m) = m**3 - 7*m**2 - 11*m + 20. Let z be x(8). Let s(v) = -v**3 - 5*v**2 + 3. Give s(z).
-13
Let o(s) be the first derivative of -4*s + 1/3*s**3 + 0*s**2 + 1. What is o(-3)?
5
Let t(l) = -l**2 + 6*l - 3. Let j(b) = -7*b**2 + 7 - b**2 - 4*b - b**3 + 2*b**2. Let c(f) = f**3 - 6*f**2 - 5. Let a be c(6). Let v be j(a). What is t(v)?
5
Let f(m) = 0*m**3 - 7 + m**3 - 2*m**3. Suppose 3*j = 5*x, -4*x = -3*x + 3*j. Give f(x).
-7
Let f(g) = g**3 - g**2 + 8. Let d be f(0). Let p be -2*(-12)/d*1. Let l(y) = y - 2. Give l(p).
1
Let n(w) = 12*w**2 + w - 1. Let t be 2/(-2) - 5/(25/(-10)). Give n(t).
12
Let y(v) be the third derivative of -v**5/30 + v**4/3 - v**3/2 - 5*v**2. Give y(5).
-13
Let i(b) = -10*b**2 - 2*b - 1. Suppose 5 = -0*n + n. Suppose 2*x = p - x, -p + n = 2*x. Let f = 2 - p. What is i(f)?
-9
Suppose